131
What are the prime factors of 10625?
5, 17
What are the prime factors of 1916?
2, 479
List the prime factors of 7134.
2, 3, 29, 41
List the prime factors of 62077.
23, 2699
What are the prime factors of 3260?
2, 5, 163
List the prime factors of 50532.
2, 3, 4211
What are the prime factors of 1046?
2, 523
What are the prime factors of 1365?
3, 5, 7, 13
List the prime factors of 9676.
2, 41, 59
List the prime factors of 5053.
31, 163
List the prime factors of 67948.
2, 16987
What are the prime factors of 12923?
12923
What are the prime factors of 1290?
2, 3, 5, 43
List the prime factors of 30687.
3, 53, 193
What are the prime factors of 43714?
2, 11, 1987
What are the prime factors of 18667?
11, 1697
List the prime factors of 32495.
5, 67, 97
List the prime factors of 957.
3, 11, 29
List the prime factors of 2197.
13
What are the prime factors of 4675?
5, 11, 17
List the prime factors of 1788.
2, 3, 149
What are the prime factors of 7622?
2, 37, 103
List the prime factors of 616.
2, 7, 11
List the prime factors of 23462.
2, 11731
List the prime factors of 1672.
2, 11, 19
List the prime factors of 758.
2, 379
List the prime factors of 5775.
3, 5, 7, 11
What are the prime factors of 9984?
2, 3, 13
List the prime factors of 2868.
2, 3, 239
What are the prime factors of 21682?
2, 37, 293
What are the prime factors of 910?
2, 5, 7, 13
List the prime factors of 4160.
2, 5, 13
What are the prime factors of 23605?
5, 4721
List the prime factors of 38246.
2, 13, 1471
List the prime factors of 174.
2, 3, 29
List the prime factors of 2677.
2677
What are the prime factors of 78462?
2, 3, 1453
What are the prime factors of 14620?
2, 5, 17, 43
List the prime factors of 32133.
3, 10711
List the prime factors of 1402.
2, 701
List the prime factors of 353.
353
What are the prime factors of 4116?
2, 3, 7
List the prime factors of 11169.
3, 17, 73
List the prime factors of 7051.
11, 641
What are the prime factors of 33272?
2, 4159
What are the prime factors of 12362?
2, 7, 883
List the prime factors of 4692.
2, 3, 17, 23
List the prime factors of 763.
7, 109
List the prime factors of 466.
2, 233
List the prime factors of 152628.
2, 3, 7, 23, 79
List the prime factors of 4705.
5, 941
List the prime factors of 6015.
3, 5, 401
List the prime factors of 762.
2, 3, 127
What are the prime factors of 94733?
61, 1553
What are the prime factors of 2046?
2, 3, 11, 31
List the prime factors of 23905.
5, 7, 683
What are the prime factors of 53625?
3, 5, 11, 13
What are the prime factors of 997?
997
What are the prime factors of 14237?
23, 619
List the prime factors of 263.
263
List the prime factors of 3516.
2, 3, 293
List the prime factors of 2395.
5, 479
What are the prime factors of 813?
3, 271
What are the prime factors of 808?
2, 101
What are the prime factors of 3?
3
What are the prime factors of 136167?
3, 45389
What are the prime factors of 5712?
2, 3, 7, 17
What are the prime factors of 1865?
5, 373
What are the prime factors of 3741?
3, 29, 43
What are the prime factors of 1013?
1013
What are the prime factors of 277?
277
List the prime factors of 329.
7, 47
What are the prime factors of 5343?
3, 13, 137
List the prime factors of 4429.
43, 103
List the prime factors of 40053.
3, 13, 79
What are the prime factors of 3111?
3, 17, 61
What are the prime factors of 56326?
2, 28163
List the prime factors of 1533.
3, 7, 73
What are the prime factors of 163?
163
What are the prime factors of 31855?
5, 23, 277
List the prime factors of 1061.
1061
What are the prime factors of 32555?
5, 17, 383
What are the prime factors of 5954?
2, 13, 229
What are the prime factors of 21158?
2, 71, 149
List the prime factors of 79.
79
What are the prime factors of 119874?
2, 3, 19979
What are the prime factors of 10097?
23, 439
List the prime factors of 181421.
181421
List the prime factors of 976.
2, 61
What are the prime factors of 3588?
2, 3, 13, 23
What are the prime factors of 29468?
2, 53, 139
What are the prime factors of 342?
2, 3, 19
List the prime factors of 11403.
3, 7, 181
List the prime factors of 10910.
2, 5, 1091
List the prime factors of 1497.
3, 499
List the prime factors of 890.
2, 5, 89
What are the prime factors of 34926?
2, 3, 5821
What are the prime factors of 927?
3, 103
List the prime factors of 25440.
2, 3, 5, 53
List the prime factors of 4975.
5, 199
What are the prime factors of 5928?
2, 3, 13, 19
What are the prime factors of 152481?
3, 7, 53, 137
What are the prime factors of 1182?
2, 3, 197
What are the prime factors of 1625?
5, 13
What are the prime factors of 985?
5, 197
What are the prime factors of 964?
2, 241
List the prime factors of 26309.
26309
List the prime factors of 7297.
7297
List the prime factors of 26861.
26861
List the prime factors of 34956.
2, 3, 971
List the prime factors of 6011.
6011
List the prime factors of 8345.
5, 1669
List the prime factors of 9682.
2, 47, 103
What are the prime factors of 426?
2, 3, 71
List the prime factors of 9603.
3, 11, 97
What are the prime factors of 1388?
2, 347
List the prime factors of 127.
127
What are the prime factors of 18937?
29, 653
What are the prime factors of 30139?
30139
List the prime factors of 17702.
2, 53, 167
What are the prime factors of 2827?
11, 257
What are the prime factors of 5533?
11, 503
List the prime factors of 63.
3, 7
List the prime factors of 9592.
2, 11, 109
List the prime factors of 3032.
2, 379
What are the prime factors of 1666?
2, 7, 17
List the prime factors of 13935.
3, 5, 929
List the prime factors of 12431.
31, 401
List the prime factors of 35531.
35531
List the prime factors of 16169.
19, 23, 37
What are the prime factors of 133495?
5, 26699
What are the prime factors of 57679?
57679
What are the prime factors of 94907?
94907
List the prime factors of 7605.
3, 5, 13
List the prime factors of 30475.
5, 23, 53
List the prime factors of 12287.
11, 1117
What are the prime factors of 6654?
2, 3, 1109
What are the prime factors of 817?
19, 43
List the prime factors of 3411.
3, 379
What are the prime factors of 81005?
5, 17, 953
What are the prime factors of 1379?
7, 197
What are the prime factors of 6350?
2, 5, 127
What are the prime factors of 615?
3, 5, 41
List the prime factors of 42.
2, 3, 7
What are the prime factors of 4928?
2, 7, 11
What are the prime factors of 2364?
2, 3, 197
What are the prime factors of 111514?
2, 13, 4289
List the prime factors of 61311.
3, 107, 191
List the prime factors of 1811.
1811
List the prime factors of 24.
2, 3
What are the prime factors of 237?
3, 79
What are the prime factors of 13094?
2, 6547
List the prime factors of 11883.
3, 17, 233
What are the prime factors of 8996?
2, 13, 173
List the prime factors of 4416.
2, 3, 23
List the prime factors of 2998.
2, 1499
What are the prime factors of 7097?
47, 151
What are the prime factors of 15033?
3, 5011
What are the prime factors of 3839?
11, 349
What are the prime factors of 1029?
3, 7
List the prime factors of 313.
313
What are the prime factors of 2732?
2, 683
List the prime factors of 10839.
3, 3613
List the prime factors of 1725.
3, 5, 23
What are the prime factors of 25918?
2, 12959
What are the prime factors of 55314?
2, 3, 7, 439
List the prime factors of 14198.
2, 31, 229
What are the prime factors of 3267?
3, 11
What are the prime factors of 65537?
65537
What are the prime factors of 63077?
7, 9011
List the prime factors of 6264.
2, 3, 29
List the prime factors of 1330.
2, 5, 7, 19
List the prime factors of 78276.
2, 3, 11, 593
What are the prime factors of 549?
3, 61
What are the prime factors of 23694?
2, 3, 11, 359
List the prime factors of 63309.
3, 47, 449
What are the prime factors of 761?
761
What are the prime factors of 17037?
3, 631
What are the prime factors of 562?
2, 281
What are the prime factors of 7519?
73, 103
List the prime factors of 1322.
2, 661
What are the prime factors of 7223?
31, 233
List the prime factors of 170912.
2, 7, 109
What are the prime factors of 54976?
2, 859
List the prime factors of 23276.
2, 11, 23
List the prime factors of 23748.
2, 3, 1979
List the prime factors of 1674.
2, 3, 31
What are the prime factors of 1757?
7, 251
What are the prime factors of 13032?
2, 3, 181
What are the prime factors of 2680?
2, 5, 67
What are the prime f